t is 15631 - 150?
15451
In base 13, what is -44c96 + 2?
-44c94
In base 13, what is cc651 + -6?
cc648
In base 10, what is 416 - -437?
853
In base 2, what is 10 - -11110100010?
11110100100
In base 8, what is 3317111 + 0?
3317111
In base 11, what is 2a610 - -5?
2a615
In base 7, what is 4005222 - 2?
4005220
In base 2, what is 1011000101001110 + -1000?
1011000101000110
In base 7, what is -15503 + -261?
-16064
In base 3, what is 2102 + -1212212?
-1210110
In base 7, what is 120 - -5315?
5435
In base 14, what is -8 + b289?
b281
In base 15, what is -6e + 3a?
-34
In base 4, what is -222112 - -20323?
-201123
In base 15, what is 4 + -ee898?
-ee894
In base 16, what is -592 - -112?
-480
In base 12, what is -23476 + 3?
-23473
In base 3, what is 10221 + 101001212?
101012210
In base 6, what is 53435 - 1305?
52130
In base 7, what is 120 - -46425?
46545
In base 14, what is 2689c0 + 1?
2689c1
In base 16, what is 1a + 6ceb?
6d05
In base 7, what is -134451 - -3?
-134445
In base 16, what is -19d + 144?
-59
In base 2, what is -10001011101110 - -101101000?
-10000110000110
In base 8, what is -14672 + 13?
-14657
In base 7, what is 25333251 + 1?
25333252
In base 10, what is -470755 + -7?
-470762
In base 5, what is -2234301 - 0?
-2234301
In base 3, what is 120120221011 - 1?
120120221010
In base 5, what is -212201 - -33?
-212113
In base 11, what is -2a - a7?
-126
In base 10, what is -3 - -117331?
117328
In base 13, what is 1 - -342?
343
In base 8, what is -3510041 + -1?
-3510042
In base 8, what is 557616 - -5?
557623
In base 6, what is -12323 + -35?
-12402
In base 9, what is -8 - 223?
-232
In base 5, what is 320230 - 20?
320210
In base 10, what is -1080 - 1158?
-2238
In base 14, what is 11d + -a5?
58
In base 9, what is 315220 - 1?
315218
In base 10, what is 90 - 16?
74
In base 10, what is 1873 + -32?
1841
In base 8, what is 3 + 53041?
53044
In base 4, what is -1000 - -10312132?
10311132
In base 9, what is 25620 + 24?
25644
In base 15, what is 24e - -ed7?
1236
In base 15, what is a6 - 632?
-57b
In base 15, what is 16 - -14b52?
14b68
In base 5, what is -1224 - -42244?
41020
In base 8, what is 4364155 - -5?
4364162
In base 7, what is 4 + 3504?
3511
In base 16, what is -f9e2 + -1?
-f9e3
In base 12, what is -5 + -3811b4?
-3811b9
In base 7, what is 61121 + -261?
60530
In base 7, what is 461546 + 4?
461553
In base 2, what is -10 + 10011111001?
10011110111
In base 8, what is 105704 + 1?
105705
In base 3, what is 20200101 + -1002?
20122022
In base 15, what is bd4 - -c3?
ca7
In base 13, what is 1708821 - 2?
170881c
In base 10, what is -4 + 15077?
15073
In base 12, what is -5315 - 4b?
-5364
In base 6, what is 2020 - 242?
1334
In base 10, what is 1 + 35296?
35297
In base 11, what is 3 - -824533?
824536
In base 12, what is -9 + -131a7?
-131b4
In base 14, what is -304 + -1d7?
-4db
In base 4, what is 23 - -13220002?
13220031
In base 2, what is -1110000100010111110111 - -11?
-1110000100010111110100
In base 10, what is -28 - -4069?
4041
In base 4, what is -321301 + -21?
-321322
In base 3, what is -100211122001 - 20?
-100211122021
In base 16, what is -5 + -fc30?
-fc35
In base 4, what is -3200 - -231323?
222123
In base 13, what is -19342 + b?
-19334
In base 2, what is 1010 + 10010100000110100?
10010100000111110
In base 12, what is 6 + -656?
-650
In base 5, what is 30313 + 404?
31222
In base 5, what is -3 + 3202?
3144
In base 9, what is 13 - 41068?
-41055
In base 15, what is 5 + -1853?
-184d
In base 5, what is -134324222 - -4?
-134324213
In base 16, what is 0 - -12121?
12121
In base 8, what is -2 - 77463?
-77465
In base 5, what is 3 + 303423?
303431
In base 4, what is 30322230 + 12?
30322302
In base 13, what is 1aa8 + 73?
1b4b
In base 9, what is -6 + 33221?
33214
In base 5, what is -2232 - -1012?
-1220
In base 16, what is -151 + 181?
30
In base 15, what is 35 - -a6?
db
In base 8, what is 4362 - 134?
4226
In base 8, what is -665271 + 10?
-665261
In base 16, what is 7d8 + c?
7e4
In base 15, what is -9 + -5e5?
-5ee
In base 3, what is 200 - -101211001?
101211201
In base 4, what is 1331232 + 20?
1331312
In base 13, what is -1 - 10894?
-10895
In base 6, what is -151234 - -3?
-151231
In base 15, what is -41 - 79?
-ba
In base 15, what is -4 - 2a0a4?
-2a0a8
In base 14, what is -1c47d + 5?
-1c478
In base 16, what is 2a44f + 0?
2a44f
In base 11, what is 12 - -2433?
2445
In base 11, what is 0 - 231395?
-231395
In base 15, what is -1 - -5010b?
5010a
In base 6, what is 2 + -343?
-341
In base 5, what is -3123031 - 43?
-3123124
In base 15, what is -4 - -a79b7?
a79b3
In base 14, what is 53664 + 0?
53664
In base 10, what is 4 + -5246?
-5242
In base 11, what is 7877 - -9?
7885
In base 8, what is 226 - -3247?
3475
In base 9, what is -375 + -225?
-611
In base 3, what is 22011112010 + -10?
22011112000
In base 5, what is -33204044 + -10?
-33204104
In base 13, what is -37 - 155c2?
-15629
In base 3, what is -21021212010 - -2?
-21021212001
In base 11, what is 113908 + 14?
113921
In base 13, what is 5 + -4859?
-4854
In base 15, what is 31b82 - 1?
31b81
In base 4, what is -1122100032 - -11?
-1122100021
In base 9, what is -133 + -30183?
-30326
In base 16, what is -17c - -a1f?
8a3
In base 7, what is 40435 - 23?
40412
In base 16, what is -1 - -579b?
579a
In base 9, what is 1 - -100782?
100783
In base 6, what is -2 - -22144?
22142
In base 12, what is -4 + 745083?
74507b
In base 4, what is -213033 - -102312?
-110121
In base 10, what is -19 + 13053?
13034
In base 6, what is -10104010 + 2?
-10104004
In base 9, what is 5334534 + -2?
5334532
In base 12, what is 68 + b8?
164
In base 10, what is -21809 - 12?
-21821
In base 16, what is -52e0 + 7?
-52d9
In base 4, what is 330201 - 112?
330023
In base 2, what is 10111010110111011000 - -11?
10111010110111011011
In base 13, what is 20a7 + 5?
20ac
In base 14, what is -3c367 - -4?
-3c363
In base 6, what is 32 - 4225?
-4153
In base 12, what is 12111b - -3?
121122
In base 13, what is -2 - -8136b?
81369
In base 16, what is 13 + 2114b?
2115e
In base 14, what is -1737b + 3?
-17378
In base 7, what is -552 + 652?
100
In base 6, what is 1402 - 2113?
-311
In base 7, what is 12135 - -116?
12254
In base 7, what is -1325 + 13614?
12256
In base 8, what is 4137 + 117?
4256
In base 5, what is 3 - 22220?
-22212
In base 12, what is -4 - -a5b?
a57
In base 8, what is -73 - 34404?
-34477
In base 2, what is -10 + 111011111011?
111011111001
In base 8, what is 56 - -6315?
6373
In base 4, what is 303012 + 303?
303321
In base 14, what is 2 + 2a?
2c
In base 14, what is -3 + 9111?
910c
In base 8, what is 322442 + 0?
322442
In base 13, what is -58 + -64?
-bc
In base 16, what is -176 + 168?
-e
In base 9, what is 7834437 + 1?
7834438
In base 10, what is 36 + 15282?
15318
In base 10, what is 25991 - 8?
25983
In base 5, what is -410 - -134440?
134030
In base 9, what is 504 + -23?
471
In base 4, what is 11021 - 1331?
3030
In base 8, what is -1721325 - -3?
-1721322
In base 9, what is 7 + 287682?
287700
In base 8, what is 34 + 2316?
2352
In base 16, what is 0 - 54dc?
-54dc
In base 13, what is -104b - -1b?
-1030
In base 9, what is 2657 - 48?
2608
In base 12, what is -5 + -51258?
-51261
In base 15, what is -2 - dc3ac?
-dc3ae
In base 11, what is 117 - 2835?
-2719
In base 10, what is -305 - 15976?
-16281
In base 9, what is 0 - 72054?
-72054
In base 14, what is 213 + -2?
211
In base 9, what is -67 + 142501?
142423
In base 15, what is d6e - 10?
d5e
In base 4, what is 1 + 13012102?
13012103
In base 15, what is -1e5e1 + -6?
-1e5e7
In base 7, what is 221201 + -1?
221200
In base 8, what is -46 - 4535?
-4603
In base 10, what is -8009 - 158?
-8167
In base 16, what is d83e - 3?
d83b
In base 10, what is 3 - -2380?
2383
In base 14, what is -1 + 5a3d?
5a3c
In base 14, what is -5 - -20cb?
20c6
In base 6, what is 1 - 111021?
-111020
In base 8, what is 13240 + 361?
13621
In base 2, what is 100010111110111 - 1000?
100010111101111
In base 10, what is 70229 + -15?
70214
In base 13, what is -1 - 128cb?
-128cc
In base 14, what is -3 + 7430?
742b
In base 11, what is -37 - 1457?
-1493
In base 12, what is 79b - 26?
775
In base 7, what is -646 + -1466?
-2445
In base 8, what is 5 + 21713?
21720
In base 13, what is 384 - -8c9?
c80
In base 11, what is 11683 - 4?
1167a
In base 3, what is 1201 - 20021110?
-20012202
In base 13, what is 9667 - 8?
965c